{"id":903,"date":"2025-02-13T08:32:48","date_gmt":"2025-02-13T08:32:48","guid":{"rendered":"https:\/\/www.rheinfelden-fuer-demokratie.de\/?post_type=tribe_events&#038;p=903"},"modified":"2025-02-13T08:32:48","modified_gmt":"2025-02-13T08:32:48","slug":"kundgebung","status":"publish","type":"tribe_events","link":"https:\/\/www.rheinfelden-fuer-demokratie.de\/?tribe_events=kundgebung","title":{"rendered":"Kundgebung"},"content":{"rendered":"<h5>Das \u00bbOlympische Feuer der Demokratie\u00ab f\u00fcr Fairness, Respekt, Vielfalt,<br \/>\nGleichberechtigung, Zusammenhalt und demokratische Grundwerte<br \/>\nkommt nach L\u00f6rrach:<\/h5>\n<h3>\nKommt alle zur Kundgebung vor der Bundestagswahl<br \/>\nDemokratie verteidigen \u2013<br \/>\ndemokratische Parteien w\u00e4hlen!<\/h3>\n<h4>Keine Stimme f\u00fcr Rechtsextremismus &amp; Populismus<br \/>\nSamstag, 15.02.2025\u00a0 11:55 \u2013 13:30 Uhr Senser Platz, L\u00f6rrach<\/h4>\n<h5>Demokratie ist anstrengend und muss jeden Tag aufs Neue ge\u00fcbt und gelebt<br \/>\nwerden. Dazu geh\u00f6rt auch Mut; sich zum Beispiel auf kontroverse Diskussionen<br \/>\neinzulassen, unterschiedliche Meinungen zu akzeptieren, Fakten den Vorzug vor<br \/>\ndem eigenen Glauben zu geben \u2013 und wieder friedlich auseinanderzugehen.<br \/>\nAls Demokratieb\u00fcndnisse wollen wir Menschen aus unterschiedlichen<br \/>\nLebensbereichen zusammenbringen, um miteinander zu reden, zu streiten und zu<br \/>\nargumentieren. Respektvoll, fair, kontrovers und l\u00f6sungsorientiert.<br \/>\nWir werden nicht tatenlos zusehen, wie unser lebenswertes Land mit<br \/>\nmenschenw\u00fcrdigen Bedingungen von Populist*innen und rechtsextremen Parteien<br \/>\nausgeh\u00f6hlt und zerst\u00f6rt wird.<br \/>\nVor der Bundestagswahl setzen wir ein Zeichen, dass es unerl\u00e4sslich ist, nur<br \/>\nKandidat*innen und Parteien zu w\u00e4hlen, die sich aktiv f\u00fcr den Erhalt und die<br \/>\nSt\u00e4rkung unserer Demokratie und den Schutz von Grund- und Menschenrechten<br \/>\neinsetzen!<\/h5>\n<h5>\nEure aktive Hilfe wird gesch\u00e4tzt: Ab 10 Uhr k\u00f6nnen Helfer*innen beim Aufbau<br \/>\nunterst\u00fctzen, 11.30 werden Ordner*innen ausgestattet und eingewiesen. Bringt gerne auch selbst gelbe oder rote Warnwesten mit.<\/h5>\n<h6>\nDieser Aufruf wird unterst\u00fctzt von: AK Integration Schopfheim e.V., AKM L\u00f6rrach e.V.,<br \/>\nBurghof L\u00f6rrach GmbH, DGB S\u00fcdbaden, Diakonisches Werk im Landkreis L\u00f6rrach, Evangelischer<br \/>\nKirchenbezirk Markgr\u00e4flerland, Fridays for Future L\u00f6rrach, Friedensinitiative L\u00f6rrach, GEW Kreis<br \/>\nL\u00f6rrach, Initiative Stolpersteine Schopfheim, Katholische Kirchengemeinde L\u00f6rrach-Inzlingen,<br \/>\nKatholisches Dekanat Wiesental, Kinderschutzbund Schopfheim e. V., Nellie Nashorn Soziokultur<\/h6>\n","protected":false},"excerpt":{"rendered":"<p>Das \u00bbOlympische Feuer der Demokratie\u00ab f\u00fcr Fairness, Respekt, Vielfalt, Gleichberechtigung, Zusammenhalt und demokratische Grundwerte kommt nach L\u00f6rrach: Kommt alle zur Kundgebung vor der Bundestagswahl Demokratie verteidigen \u2013 demokratische Parteien w\u00e4hlen! [&hellip;]<\/p>\n","protected":false},"author":1,"featured_media":0,"template":"","meta":{"_tribe_events_status":"","_tribe_events_status_reason":"","footnotes":""},"tags":[],"tribe_events_cat":[],"class_list":["post-903","tribe_events","type-tribe_events","status-publish","hentry"],"_links":{"self":[{"href":"https:\/\/www.rheinfelden-fuer-demokratie.de\/index.php?rest_route=\/wp\/v2\/tribe_events\/903","targetHints":{"allow":["GET"]}}],"collection":[{"href":"https:\/\/www.rheinfelden-fuer-demokratie.de\/index.php?rest_route=\/wp\/v2\/tribe_events"}],"about":[{"href":"https:\/\/www.rheinfelden-fuer-demokratie.de\/index.php?rest_route=\/wp\/v2\/types\/tribe_events"}],"author":[{"embeddable":true,"href":"https:\/\/www.rheinfelden-fuer-demokratie.de\/index.php?rest_route=\/wp\/v2\/users\/1"}],"version-history":[{"count":5,"href":"https:\/\/www.rheinfelden-fuer-demokratie.de\/index.php?rest_route=\/wp\/v2\/tribe_events\/903\/revisions"}],"predecessor-version":[{"id":909,"href":"https:\/\/www.rheinfelden-fuer-demokratie.de\/index.php?rest_route=\/wp\/v2\/tribe_events\/903\/revisions\/909"}],"wp:attachment":[{"href":"https:\/\/www.rheinfelden-fuer-demokratie.de\/index.php?rest_route=%2Fwp%2Fv2%2Fmedia&parent=903"}],"wp:term":[{"taxonomy":"post_tag","embeddable":true,"href":"https:\/\/www.rheinfelden-fuer-demokratie.de\/index.php?rest_route=%2Fwp%2Fv2%2Ftags&post=903"},{"taxonomy":"tribe_events_cat","embeddable":true,"href":"https:\/\/www.rheinfelden-fuer-demokratie.de\/index.php?rest_route=%2Fwp%2Fv2%2Ftribe_events_cat&post=903"}],"curies":[{"name":"wp","href":"https:\/\/api.w.org\/{rel}","templated":true}]}}

<h5>Das »Olympische Feuer der Demokratie« für Fairness, Respekt, Vielfalt,<br />
Gleichberechtigung, Zusammenhalt und demokratische Grundwerte<br />
kommt nach Lörrach:</h5>
<h3>
Kommt alle zur Kundgebung vor der Bundestagswahl<br />
Demokratie verteidigen –<br />
demokratische Parteien wählen!</h3>
<h4>Keine Stimme für Rechtsextremismus &amp; Populismus<br />
Samstag, 15.02.2025  11:55 – 13:30 Uhr Senser Platz, Lörrach</h4>
<h5>Demokratie ist anstrengend und muss jeden Tag aufs Neue geübt und gelebt<br />
werden. Dazu gehört auch Mut; sich zum Beispiel auf kontroverse Diskussionen<br />
einzulassen, unterschiedliche Meinungen zu akzeptieren, Fakten den Vorzug vor<br />
dem eigenen Glauben zu geben – und wieder friedlich auseinanderzugehen.<br />
Als Demokratiebündnisse wollen wir Menschen aus unterschiedlichen<br />
Lebensbereichen zusammenbringen, um miteinander zu reden, zu streiten und zu<br />
argumentieren. Respektvoll, fair, kontrovers und lösungsorientiert.<br />
Wir werden nicht tatenlos zusehen, wie unser lebenswertes Land mit<br />
menschenwürdigen Bedingungen von Populist*innen und rechtsextremen Parteien<br />
ausgehöhlt und zerstört wird.<br />
Vor der Bundestagswahl setzen wir ein Zeichen, dass es unerlässlich ist, nur<br />
Kandidat*innen und Parteien zu wählen, die sich aktiv für den Erhalt und die<br />
Stärkung unserer Demokratie und den Schutz von Grund- und Menschenrechten<br />
einsetzen!</h5>
<h5>
Eure aktive Hilfe wird geschätzt: Ab 10 Uhr können Helfer*innen beim Aufbau<br />
unterstützen, 11.30 werden Ordner*innen ausgestattet und eingewiesen. Bringt gerne auch selbst gelbe oder rote Warnwesten mit.</h5>
<h6>
Dieser Aufruf wird unterstützt von: AK Integration Schopfheim e.V., AKM Lörrach e.V.,<br />
Burghof Lörrach GmbH, DGB Südbaden, Diakonisches Werk im Landkreis Lörrach, Evangelischer<br />
Kirchenbezirk Markgräflerland, Fridays for Future Lörrach, Friedensinitiative Lörrach, GEW Kreis<br />
Lörrach, Initiative Stolpersteine Schopfheim, Katholische Kirchengemeinde Lörrach-Inzlingen,<br />
Katholisches Dekanat Wiesental, Kinderschutzbund Schopfheim e. V., Nellie Nashorn Soziokultur</h6>

<p>Das »Olympische Feuer der Demokratie« für Fairness, Respekt, Vielfalt, Gleichberechtigung, Zusammenhalt und demokratische Grundwerte kommt nach Lörrach: Kommt alle zur Kundgebung vor der Bundestagswahl Demokratie verteidigen – demokratische Parteien wählen! [&hellip;]</p>
